{"id":382,"date":"2018-08-01T14:25:04","date_gmt":"2018-08-01T11:25:04","guid":{"rendered":"http:\/\/karder.org.tr\/?page_id=382"},"modified":"2018-08-01T14:25:04","modified_gmt":"2018-08-01T11:25:04","slug":"milli-egitim-sisteminin-esaslari","status":"publish","type":"page","link":"https:\/\/karder.org.tr\/index.php\/ataturk-kosesi\/milli-egitim-sisteminin-esaslari\/","title":{"rendered":"Milli E\u011fitim Sisteminin Esaslar\u0131"},"content":{"rendered":"<p class=\"meb1\">\u00a0\u00a0Mill\u00ee e\u011fitim sistemimizin g\u00f6zetece\u011fi esaslar, Atat\u00fcrk&#8217;\u00fcn e\u011fitim hakk\u0131ndaki \u015fu g\u00f6r\u00fc\u015flerine dayan\u0131r: &#8220;Mill\u00ee e\u011fitim program\u0131m\u0131z\u0131n temel ta\u015f\u0131, cahilli\u011fin yok edilmesidir. Cahillik yok edilmedik\u00e7e yerimizdeyiz. Yerinde duran b\u00eer \u015fey ise geriye gidiyor demektir. Bir taraftan genel olan cahilli\u011fi yok etmeye \u00e7al\u0131\u015fmakla beraber, di\u011fer taraftan toplumsal hayatta bizzat faal ve faydal\u0131, verimli elemanlar yeti\u015ftirmek l\u00e2z\u0131md\u0131r. Bu da ilk ve orta \u00f6\u011fretimin uygulamal\u0131 bir \u015fekilde olmas\u0131yla m\u00fcmk\u00fcnd\u00fcr.&#8221;<\/p>\n<p>Buna g\u00f6re mill\u00ee e\u011fitim sistemimizin planlanmas\u0131nda ve uygulanmas\u0131nda devletimizin dayand\u0131\u011f\u0131 ilkelere uygun olarak \u015fu esaslar g\u00f6zetilmelidir:<br \/>\n&#8211; \u00d6\u011fretim birli\u011fi.<br \/>\n&#8211; Karma e\u011fitim.<br \/>\n&#8211; E\u011fitimin yayg\u0131nla\u015ft\u0131r\u0131lmas\u0131.<br \/>\n&#8211; \u0130lk\u00f6\u011fretimin zorunlu ve paras\u0131z olmas\u0131.<br \/>\n&#8211; \u00d6\u011fretimde teori ve uygulaman\u0131n birlikte y\u00fcr\u00fct\u00fclmesi.<br \/>\n&#8211; \u00d6\u011fretim programlar\u0131n\u0131n sosyal hayat\u0131n ihtiya\u00e7lar\u0131n\u0131 ve \u00e7a\u011f\u0131n gereklerini \u00a0\u00a0kar\u015f\u0131lamas\u0131.<br \/>\n&#8211; \u00d6\u011fretim programlar\u0131n\u0131n mill\u00ee ve bilimsel olmas\u0131.<br \/>\n&#8211; E\u011fitim ve \u00f6\u011fretimde disiplin ilkesi.<br \/>\n&#8211; E\u011fitimde \u00f6\u011fretmenin \u00f6nemi ve rol\u00fc.<\/p>\n<p class=\"meb1\"><b>\u00d6\u011fretim Birli\u011fi<\/b><br \/>\nAtat\u00fcrk, \u00fclkede mill\u00ee birlik ve beraberli\u011fin sa\u011flanmas\u0131n\u0131n \u00f6\u011fretim birli\u011fi ile ger\u00e7ekle\u015fece\u011fine inan\u0131yordu. Bu sa\u011flanmadan sosyal b\u00fct\u00fcnle\u015fmenin ve \u00e7a\u011fda\u015fla\u015fman\u0131n m\u00fcmk\u00fcn olmayaca\u011f\u0131 inanc\u0131ndayd\u0131. \u00dclkede yeni okullar\u0131n yan\u0131 s\u0131ra medreseler de vard\u0131. Bu durum e\u011fitimde b\u00f6l\u00fcnme ve ikilik olu\u015fturuyordu. Bu y\u00fczden \u00fclkede \u00f6\u011fretim birli\u011finin sa\u011flanmas\u0131 i\u00e7in gerekli \u00e7al\u0131\u015fmalar\u0131 ba\u015flatm\u0131\u015ft\u0131r. Atat\u00fcrk&#8217;\u00fcn ba\u015flatt\u0131\u011f\u0131 bu \u00e7al\u0131\u015fmalar olumlu sonu\u00e7lar vermi\u015ftir.<\/p>\n<p class=\"meb1\"><b>Karma E\u011fitim<\/b><br \/>\nAtat\u00fcrk kad\u0131nlar\u0131n sosyal ve ekonomik hayatta aktif rol almas\u0131 gerekti\u011fini d\u00fc\u015f\u00fcnerek &#8220;bir milletin erke\u011fi ve kad\u0131n\u0131 ile bir b\u00fct\u00fcn olu\u015fturdu\u011funu, kad\u0131nlar\u0131n da y\u00fcceltilmesiyle bir milletin y\u00fccelebilece\u011fini&#8221; savunmu\u015ftur.<br \/>\nAtat\u00fcrk\u00e7\u00fcl\u00fckte; T\u00fcrk Milleti&#8217;nin kalk\u0131nabilmesi i\u00e7in kad\u0131n ve erke\u011fin e\u015fit \u015fartlar alt\u0131nda \u00e7al\u0131\u015fmas\u0131 \u015fartt\u0131r. Bunu ger\u00e7ekle\u015ftirmek i\u00e7in e\u011fitimin b\u00fct\u00fcn kademelerinde k\u0131z ve erkek \u00e7ocuklar\u0131n e\u015fit olarak karma bir e\u011fitim g\u00f6rmeleri sa\u011flanm\u0131\u015ft\u0131r.<\/p>\n<p class=\"meb1\"><b>E\u011fitimin Yayg\u0131nla\u015ft\u0131r\u0131lmas\u0131<\/b><br \/>\nDevletin ba\u015fl\u0131ca g\u00f6revlerinden biri, e\u011fitimin geni\u015f halk kitleleri aras\u0131nda yayg\u0131nla\u015ft\u0131r\u0131lmas\u0131 ve bilgisizli\u011fin ortadan kald\u0131r\u0131lmas\u0131d\u0131r. Atat\u00fcrk&#8217;e g\u00f6re, mill\u00ee e\u011fitim \u0131\u015f\u0131\u011f\u0131 memleketin en derin k\u00f6\u015felerine kadar ula\u015f\u0131p yay\u0131lmal\u0131d\u0131r. Bilgisizlik yok edilmeli, e\u011fitim yeti\u015fkinleri de kapsamal\u0131d\u0131r. Atat\u00fcrk bunun \u00f6nemini ve gere\u011fini \u015f\u00f6yle a\u00e7\u0131klam\u0131\u015ft\u0131r: &#8220;Hedefe yaln\u0131z \u00e7ocuklar\u0131 yeti\u015ftirmekle ula\u015famay\u0131z. \u00c7ocuklar gelece\u011findir&#8230; Fakat gelece\u011fi yapacak olan bu \u00e7ocuklar\u0131 yeti\u015ftirecek analar, babalar, karde\u015fler hepsi \u015fimdiden az \u00e7ok ayd\u0131nlat\u0131lmal\u0131d\u0131r ki yeti\u015ftirecekleri \u00e7ocuklar\u0131 bu millete ve memlekete hizmet edebilecek, yararl\u0131 olabilecek \u015fekilde yeti\u015ftirsinler.&#8221; Bilgisizli\u011fi ortadan kald\u0131rmak i\u00e7in e\u011fitimin yayg\u0131nla\u015ft\u0131r\u0131lmas\u0131 gerekir. Bunun sa\u011flanabilmesi i\u00e7in yayg\u0131n bir e\u011fitim sistemi kurularak b\u00fct\u00fcn vatanda\u015flar\u0131n okur-yazar h\u00e2le getirilmesi gerekmektedir.<\/p>\n<p class=\"meb1\"><b>\u0130lk\u00f6\u011fretimin Zorunlu ve Paras\u0131z Olmas\u0131<\/b><br \/>\nBir milletin \u00e7a\u011fda\u015fla\u015fmas\u0131nda, b\u00fct\u00fcn vatanda\u015flar\u0131n okuma yazma bilmesinin b\u00fcy\u00fck bir rol\u00fc vard\u0131r. Bu sebeple, \u00fclkede herkesin ilk\u00f6\u011fretimde e\u011fitim-\u00f6\u011fretim g\u00f6rmesi ve ilk\u00f6\u011fretimin paras\u0131z olmas\u0131 hedeflenmi\u015ftir.<br \/>\n<b><br \/>\n\u00d6\u011fretimde Teori ve Uygulaman\u0131n Birlikte Y\u00fcr\u00fct\u00fclmesi<\/b><br \/>\nAtat\u00fcrk, \u00f6\u011fretimde teori ve uygulaman\u0131n birlikte y\u00fcr\u00fct\u00fclmesini hedeflemi\u015ftir. Atat\u00fcrk bu amac\u0131n\u0131 1937 y\u0131l\u0131nda T\u00fcrkiye B\u00fcy\u00fck Millet Meclisi&#8217;ni a\u00e7\u0131\u015f konu\u015fmas\u0131nda \u015f\u00f6yle a\u00e7\u0131klar: &#8220;B\u00fcy\u00fck davam\u0131z, en meden\u00ee ve m\u00fcreffeh millet olarak varl\u0131\u011f\u0131m\u0131z\u0131 y\u00fckseltmektir. Bu yaln\u0131z kurumlar\u0131nda de\u011fil, d\u00fc\u015f\u00fcncelerinde de temelli ink\u0131l\u00e2p yapm\u0131\u015f olan b\u00fcy\u00fck T\u00fcrk Milleti&#8217;nin dinamik idealidir. Bu ideali en k\u0131sa zamanda ba\u015farmak i\u00e7in, fikir ve hareketi beraber y\u00fcr\u00fctmek mecburiyetindeyiz.&#8221; Bu te\u015febb\u00fcste ba\u015far\u0131 ancak iyi bir pl\u00e2nla ve verimli bir \u015fekilde \u00e7al\u0131\u015fmakla m\u00fcmk\u00fcn olur.<\/p>\n<p class=\"meb1\"><b>\u00d6\u011fretim Programlar\u0131n\u0131n Sosyal Hayat\u0131n \u0130htiya\u00e7lar\u0131n\u0131 ve \u00c7a\u011f\u0131n Gereklerini Kar\u015f\u0131lamas\u0131<\/b><br \/>\nBir toplumda e\u011fitimin ba\u015far\u0131l\u0131 olabilmesi, \u00f6\u011fretim programlar\u0131n\u0131n sosyal hayat\u0131n ihtiya\u00e7lar\u0131n\u0131 ve \u00e7a\u011f\u0131n gereklerini kar\u015f\u0131lamas\u0131 ile m\u00fcmk\u00fcnd\u00fcr. Bu anlamda e\u011fitim, yaln\u0131zca bilgi vermeye ve ezbercili\u011fe dayal\u0131 olmamal\u0131d\u0131r. Hayata ve beceri kazand\u0131rmaya y\u00f6nelik olmal\u0131d\u0131r. Deney yapma imk\u00e2n\u0131 sa\u011flamal\u0131, bilgisayar kullan\u0131m\u0131na \u00f6nem vermelidir. Bu konuda ileri \u00fclkelerin ula\u015ft\u0131\u011f\u0131 \u00e7a\u011fda\u015f e\u011fitim y\u00f6ntemleri ve donan\u0131m\u0131 kullan\u0131lmal\u0131d\u0131r.<\/p>\n<p class=\"meb1\"><b>\u00d6\u011fretim Programlar\u0131n\u0131n Mill\u00ee ve Bilimsel Olmas\u0131<\/b><br \/>\nAtat\u00fcrk&#8217;e g\u00f6re e\u011fitim programlar\u0131 her \u015feyden \u00f6nce mill\u00ee olmal\u0131d\u0131r. \u00c7\u00fcnk\u00fc, T\u00fcrk Milliyet\u00e7ili\u011fi temelleri \u00fczerine kurulan T\u00fcrkiye Cumhuriyeti&#8217;nin sonsuza kadar ya\u015famas\u0131 buna ba\u011fl\u0131d\u0131r. T\u00fcrk \u00e7ocuklar\u0131 mill\u00ee bilin\u00e7 ile yeti\u015firse, T\u00fcrk Devleti&#8217;nin ve Milleti&#8217;nin gelece\u011fi de g\u00fcvence alt\u0131na al\u0131nm\u0131\u015f olur. Bunun yan\u0131nda e\u011fitim ve \u00f6\u011fretim programlar\u0131 temel ve uygulamal\u0131 bilimlere, ara\u015ft\u0131rmaya \u00f6nem veren, bilim alan\u0131ndaki en yeni geli\u015fmeleri g\u00f6z \u00f6n\u00fcnde tutan bilimsel esaslara g\u00f6re d\u00fczenlenmelidir.<\/p>\n<p class=\"meb1\"><b>E\u011fitim ve \u00d6\u011fretimde Disiplin \u0130lkesi<\/b><br \/>\nAtat\u00fcrk&#8217;e g\u00f6re e\u011fitim ve \u00f6\u011fretimin ba\u015far\u0131s\u0131 disipline ba\u011fl\u0131d\u0131r. 1925 y\u0131l\u0131nda T\u00fcrkiye B\u00fcy\u00fck Millet Meclisi&#8217;ni a\u00e7\u0131\u015f konu\u015fmas\u0131nda g\u00f6r\u00fc\u015f\u00fcn\u00fc \u015f\u00f6yle a\u00e7\u0131klam\u0131\u015ft\u0131r: &#8220;Hayat\u0131n her \u00e7al\u0131\u015fma safhas\u0131nda oldu\u011fu gibi \u00f6zellikle \u00f6\u011fretim hayat\u0131nda disiplin, ba\u015far\u0131n\u0131n esas\u0131d\u0131r. M\u00fcd\u00fcrler ve \u00f6\u011fretim kadrolar\u0131 disiplini sa\u011flamaya ve \u00f6\u011frenci disipline uymaya mecburdurlar.&#8221; E\u011fitimde beklenenlerin ger\u00e7ekle\u015fmesinde \u00f6\u011fretmenlere b\u00fcy\u00fck g\u00f6rev d\u00fc\u015fmektedir.<\/p>\n<p><b>E\u011fitimde \u00d6\u011fretmenin \u00d6nemi ve Rol\u00fc<\/b><br \/>\nAtat\u00fcrk, e\u011fitim alan\u0131nda ba\u015far\u0131y\u0131 etkileyecek en \u00f6nemli unsurun \u00f6\u011fretmenler oldu\u011funu g\u00f6rm\u00fc\u015ft\u00fcr. \u00d6\u011fretmenlik mesle\u011fine l\u00e2y\u0131k oldu\u011fu de\u011feri vermi\u015ftir. Ba\u015f\u00f6\u011fretmen Atat\u00fcrk, \u00d6\u011fretmenlere &#8220;Sizin ba\u015far\u0131n\u0131z cumhuriyetin ba\u015far\u0131s\u0131 olacakt\u0131r.&#8221; diyerek \u00fclkenin gelece\u011fi i\u00e7in \u00f6\u011fretmenlerin g\u00fcvence kayna\u011f\u0131 olaca\u011f\u0131n\u0131 belirtmi\u015ftir.<\/p>\n<p>&nbsp;<\/p>\n","protected":false},"excerpt":{"rendered":"<p>\u00a0\u00a0Mill\u00ee e\u011fitim sistemimizin g\u00f6zetece\u011fi esaslar, Atat\u00fcrk&#8217;\u00fcn e\u011fitim hakk\u0131ndaki \u015fu g\u00f6r\u00fc\u015flerine dayan\u0131r: &#8220;Mill\u00ee e\u011fitim program\u0131m\u0131z\u0131n temel ta\u015f\u0131, cahilli\u011fin yok edilmesidir. Cahillik yok edilmedik\u00e7e yerimizdeyiz. Yerinde duran b\u00eer \u015fey ise geriye gidiyor demektir. Bir taraftan genel olan cahilli\u011fi yok etmeye \u00e7al\u0131\u015fmakla beraber, di\u011fer taraftan toplumsal hayatta bizzat faal ve faydal\u0131, verimli elemanlar yeti\u015ftirmek l\u00e2z\u0131md\u0131r. Bu da ilk [&hellip;]<\/p>\n","protected":false},"author":2,"featured_media":0,"parent":363,"menu_order":0,"comment_status":"closed","ping_status":"closed","template":"","meta":[],"_links":{"self":[{"href":"https:\/\/karder.org.tr\/index.php\/wp-json\/wp\/v2\/pages\/382"}],"collection":[{"href":"https:\/\/karder.org.tr\/index.php\/wp-json\/wp\/v2\/pages"}],"about":[{"href":"https:\/\/karder.org.tr\/index.php\/wp-json\/wp\/v2\/types\/page"}],"author":[{"embeddable":true,"href":"https:\/\/karder.org.tr\/index.php\/wp-json\/wp\/v2\/users\/2"}],"replies":[{"embeddable":true,"href":"https:\/\/karder.org.tr\/index.php\/wp-json\/wp\/v2\/comments?post=382"}],"version-history":[{"count":1,"href":"https:\/\/karder.org.tr\/index.php\/wp-json\/wp\/v2\/pages\/382\/revisions"}],"predecessor-version":[{"id":383,"href":"https:\/\/karder.org.tr\/index.php\/wp-json\/wp\/v2\/pages\/382\/revisions\/383"}],"up":[{"embeddable":true,"href":"https:\/\/karder.org.tr\/index.php\/wp-json\/wp\/v2\/pages\/363"}],"wp:attachment":[{"href":"https:\/\/karder.org.tr\/index.php\/wp-json\/wp\/v2\/media?parent=382"}],"curies":[{"name":"wp","href":"https:\/\/api.w.org\/{rel}","templated":true}]}}

Milli Eğitim Sisteminin Esasları

<p class="meb1">  Millî eğitim sistemimizin gözeteceği esaslar, Atatürk&#8217;ün eğitim hakkındaki şu görüşlerine dayanır: &#8220;Millî eğitim programımızın temel taşı, cahilliğin yok edilmesidir. Cahillik yok edilmedikçe yerimizdeyiz. Yerinde duran bîr şey ise geriye gidiyor demektir. Bir taraftan genel olan cahilliği yok etmeye çalışmakla beraber, diğer taraftan toplumsal hayatta bizzat faal ve faydalı, verimli elemanlar yetiştirmek lâzımdır. Bu da ilk ve orta öğretimin uygulamalı bir şekilde olmasıyla mümkündür.&#8221;</p>
<p>Buna göre millî eğitim sistemimizin planlanmasında ve uygulanmasında devletimizin dayandığı ilkelere uygun olarak şu esaslar gözetilmelidir:<br />
&#8211; Öğretim birliği.<br />
&#8211; Karma eğitim.<br />
&#8211; Eğitimin yaygınlaştırılması.<br />
&#8211; İlköğretimin zorunlu ve parasız olması.<br />
&#8211; Öğretimde teori ve uygulamanın birlikte yürütülmesi.<br />
&#8211; Öğretim programlarının sosyal hayatın ihtiyaçlarını ve çağın gereklerini   karşılaması.<br />
&#8211; Öğretim programlarının millî ve bilimsel olması.<br />
&#8211; Eğitim ve öğretimde disiplin ilkesi.<br />
&#8211; Eğitimde öğretmenin önemi ve rolü.</p>
<p class="meb1"><b>Öğretim Birliği</b><br />
Atatürk, ülkede millî birlik ve beraberliğin sağlanmasının öğretim birliği ile gerçekleşeceğine inanıyordu. Bu sağlanmadan sosyal bütünleşmenin ve çağdaşlaşmanın mümkün olmayacağı inancındaydı. Ülkede yeni okulların yanı sıra medreseler de vardı. Bu durum eğitimde bölünme ve ikilik oluşturuyordu. Bu yüzden ülkede öğretim birliğinin sağlanması için gerekli çalışmaları başlatmıştır. Atatürk&#8217;ün başlattığı bu çalışmalar olumlu sonuçlar vermiştir.</p>
<p class="meb1"><b>Karma Eğitim</b><br />
Atatürk kadınların sosyal ve ekonomik hayatta aktif rol alması gerektiğini düşünerek &#8220;bir milletin erkeği ve kadını ile bir bütün oluşturduğunu, kadınların da yüceltilmesiyle bir milletin yücelebileceğini&#8221; savunmuştur.<br />
Atatürkçülükte; Türk Milleti&#8217;nin kalkınabilmesi için kadın ve erkeğin eşit şartlar altında çalışması şarttır. Bunu gerçekleştirmek için eğitimin bütün kademelerinde kız ve erkek çocukların eşit olarak karma bir eğitim görmeleri sağlanmıştır.</p>
<p class="meb1"><b>Eğitimin Yaygınlaştırılması</b><br />
Devletin başlıca görevlerinden biri, eğitimin geniş halk kitleleri arasında yaygınlaştırılması ve bilgisizliğin ortadan kaldırılmasıdır. Atatürk&#8217;e göre, millî eğitim ışığı memleketin en derin köşelerine kadar ulaşıp yayılmalıdır. Bilgisizlik yok edilmeli, eğitim yetişkinleri de kapsamalıdır. Atatürk bunun önemini ve gereğini şöyle açıklamıştır: &#8220;Hedefe yalnız çocukları yetiştirmekle ulaşamayız. Çocuklar geleceğindir&#8230; Fakat geleceği yapacak olan bu çocukları yetiştirecek analar, babalar, kardeşler hepsi şimdiden az çok aydınlatılmalıdır ki yetiştirecekleri çocukları bu millete ve memlekete hizmet edebilecek, yararlı olabilecek şekilde yetiştirsinler.&#8221; Bilgisizliği ortadan kaldırmak için eğitimin yaygınlaştırılması gerekir. Bunun sağlanabilmesi için yaygın bir eğitim sistemi kurularak bütün vatandaşların okur-yazar hâle getirilmesi gerekmektedir.</p>
<p class="meb1"><b>İlköğretimin Zorunlu ve Parasız Olması</b><br />
Bir milletin çağdaşlaşmasında, bütün vatandaşların okuma yazma bilmesinin büyük bir rolü vardır. Bu sebeple, ülkede herkesin ilköğretimde eğitim-öğretim görmesi ve ilköğretimin parasız olması hedeflenmiştir.<br />
<b><br />
Öğretimde Teori ve Uygulamanın Birlikte Yürütülmesi</b><br />
Atatürk, öğretimde teori ve uygulamanın birlikte yürütülmesini hedeflemiştir. Atatürk bu amacını 1937 yılında Türkiye Büyük Millet Meclisi&#8217;ni açış konuşmasında şöyle açıklar: &#8220;Büyük davamız, en medenî ve müreffeh millet olarak varlığımızı yükseltmektir. Bu yalnız kurumlarında değil, düşüncelerinde de temelli inkılâp yapmış olan büyük Türk Milleti&#8217;nin dinamik idealidir. Bu ideali en kısa zamanda başarmak için, fikir ve hareketi beraber yürütmek mecburiyetindeyiz.&#8221; Bu teşebbüste başarı ancak iyi bir plânla ve verimli bir şekilde çalışmakla mümkün olur.</p>
<p class="meb1"><b>Öğretim Programlarının Sosyal Hayatın İhtiyaçlarını ve Çağın Gereklerini Karşılaması</b><br />
Bir toplumda eğitimin başarılı olabilmesi, öğretim programlarının sosyal hayatın ihtiyaçlarını ve çağın gereklerini karşılaması ile mümkündür. Bu anlamda eğitim, yalnızca bilgi vermeye ve ezberciliğe dayalı olmamalıdır. Hayata ve beceri kazandırmaya yönelik olmalıdır. Deney yapma imkânı sağlamalı, bilgisayar kullanımına önem vermelidir. Bu konuda ileri ülkelerin ulaştığı çağdaş eğitim yöntemleri ve donanımı kullanılmalıdır.</p>
<p class="meb1"><b>Öğretim Programlarının Millî ve Bilimsel Olması</b><br />
Atatürk&#8217;e göre eğitim programları her şeyden önce millî olmalıdır. Çünkü, Türk Milliyetçiliği temelleri üzerine kurulan Türkiye Cumhuriyeti&#8217;nin sonsuza kadar yaşaması buna bağlıdır. Türk çocukları millî bilinç ile yetişirse, Türk Devleti&#8217;nin ve Milleti&#8217;nin geleceği de güvence altına alınmış olur. Bunun yanında eğitim ve öğretim programları temel ve uygulamalı bilimlere, araştırmaya önem veren, bilim alanındaki en yeni gelişmeleri göz önünde tutan bilimsel esaslara göre düzenlenmelidir.</p>
<p class="meb1"><b>Eğitim ve Öğretimde Disiplin İlkesi</b><br />
Atatürk&#8217;e göre eğitim ve öğretimin başarısı disipline bağlıdır. 1925 yılında Türkiye Büyük Millet Meclisi&#8217;ni açış konuşmasında görüşünü şöyle açıklamıştır: &#8220;Hayatın her çalışma safhasında olduğu gibi özellikle öğretim hayatında disiplin, başarının esasıdır. Müdürler ve öğretim kadroları disiplini sağlamaya ve öğrenci disipline uymaya mecburdurlar.&#8221; Eğitimde beklenenlerin gerçekleşmesinde öğretmenlere büyük görev düşmektedir.</p>
<p><b>Eğitimde Öğretmenin Önemi ve Rolü</b><br />
Atatürk, eğitim alanında başarıyı etkileyecek en önemli unsurun öğretmenler olduğunu görmüştür. Öğretmenlik mesleğine lâyık olduğu değeri vermiştir. Başöğretmen Atatürk, Öğretmenlere &#8220;Sizin başarınız cumhuriyetin başarısı olacaktır.&#8221; diyerek ülkenin geleceği için öğretmenlerin güvence kaynağı olacağını belirtmiştir.</p>
<p>&nbsp;</p>

<p>  Millî eğitim sistemimizin gözeteceği esaslar, Atatürk&#8217;ün eğitim hakkındaki şu görüşlerine dayanır: &#8220;Millî eğitim programımızın temel taşı, cahilliğin yok edilmesidir. Cahillik yok edilmedikçe yerimizdeyiz. Yerinde duran bîr şey ise geriye gidiyor demektir. Bir taraftan genel olan cahilliği yok etmeye çalışmakla beraber, diğer taraftan toplumsal hayatta bizzat faal ve faydalı, verimli elemanlar yetiştirmek lâzımdır. Bu da ilk [&hellip;]</p>
