{"id":478,"date":"2018-08-01T15:55:17","date_gmt":"2018-08-01T12:55:17","guid":{"rendered":"http:\/\/karder.org.tr\/?page_id=478"},"modified":"2020-07-10T20:59:27","modified_gmt":"2020-07-10T17:59:27","slug":"projelerimiz","status":"publish","type":"page","link":"https:\/\/karder.org.tr\/index.php\/projelerimiz\/","title":{"rendered":"Projelerimiz"},"content":{"rendered":"<p><span style=\"font-family: Verdana; font-size: xx-small;\">\u00a0<\/span><\/p>\n<p style=\"text-align: center;\">K\u00dcLT\u00dcR MERKEZ\u0130 YAPIMI<\/p>\n<p>\u00a0 \u00a0 \u00a0 \u00a0 \u00a0 \u00a0 \u00a0 \u00a0Yap\u0131m\u0131na 2009 y\u0131l\u0131nda ba\u015flanan Karaca K\u00f6y\u00fc K\u00fclt\u00fcr Merkezinin yap\u0131m\u0131nda Abbas KU\u015eDO\u011eAN,Adem \u00d6ZCAN,H\u00fcseyin A\u011eBABA,M\u00fcrsel FIRAT,H\u00fcseyin SEV\u0130M,Ali AYDIN,\u00a0 \u00a0 \u00a0 \u00a0 \u00a0 \u00a0 \u00a0 \u00a0 \u00a0 \u0130brahim SEV\u0130M,Hamdullah \u00c7A\u011eLAR ve Ali \u00c7EL\u0130K bina yap\u0131m komisyon \u00fcyeleri olarak g\u00f6rev alm\u0131\u015flar ve bina yap\u0131m\u0131 tamamlanana kadar bilfiil g\u00f6n\u00fcll\u00fc olarak \u00e7al\u0131\u015fm\u0131\u015flard\u0131r.<\/p>\n<p>Karaca K\u00f6y\u00fc K\u00fclt\u00fcr Merkezi binas\u0131n\u0131n yap\u0131m\u0131n\u0131n her a\u015famas\u0131nda \u00f6zveri ile \u00e7al\u0131\u015fan komisyon \u00fcyelerine,yine bina yap\u0131m\u0131nda maddi desteklerini esirgemeyen t\u00fcm KARACALI canlara ve d\u0131\u015far\u0131dan ba\u011f\u0131\u015f yapan g\u00fczel insanlara sonsuz te\u015fekk\u00fcrlerimizi sunuyoruz.<\/p>\n<p>Biliyoruz ve umut ediyoruz ki K\u00fclt\u00fcr Merkezimizin yap\u0131m\u0131nda destek veren ve bir \u015fekilde kendilerine ula\u015famad\u0131\u011f\u0131m\u0131z y\u00fczlerce Karacal\u0131 canlar\u0131m\u0131z\u0131n da desteklerini alarak \u00a0yeni projelerin yap\u0131lmas\u0131n\u0131 sa\u011flayabiliriz.<\/p>\n<p style=\"text-align: center;\">Eme\u011fi Ge\u00e7enler<br \/>\n<a href=\"http:\/\/karder.org.tr\/index.php\/projelerimiz\/projeden-kareler\/\">Projeden Kareler<\/a><br \/>\nProjemiz ne a\u015famada?<\/p>\n","protected":false},"excerpt":{"rendered":"<p>\u00a0 K\u00dcLT\u00dcR MERKEZ\u0130 YAPIMI \u00a0 \u00a0 \u00a0 \u00a0 \u00a0 \u00a0 \u00a0 \u00a0Yap\u0131m\u0131na 2009 y\u0131l\u0131nda ba\u015flanan Karaca K\u00f6y\u00fc K\u00fclt\u00fcr Merkezinin yap\u0131m\u0131nda Abbas KU\u015eDO\u011eAN,Adem \u00d6ZCAN,H\u00fcseyin A\u011eBABA,M\u00fcrsel FIRAT,H\u00fcseyin SEV\u0130M,Ali AYDIN,\u00a0 \u00a0 \u00a0 \u00a0 \u00a0 \u00a0 \u00a0 \u00a0 \u00a0 \u0130brahim SEV\u0130M,Hamdullah \u00c7A\u011eLAR ve Ali \u00c7EL\u0130K bina yap\u0131m komisyon \u00fcyeleri olarak g\u00f6rev alm\u0131\u015flar ve bina yap\u0131m\u0131 tamamlanana kadar bilfiil g\u00f6n\u00fcll\u00fc [&hellip;]<\/p>\n","protected":false},"author":2,"featured_media":0,"parent":0,"menu_order":0,"comment_status":"closed","ping_status":"closed","template":"","meta":[],"_links":{"self":[{"href":"https:\/\/karder.org.tr\/index.php\/wp-json\/wp\/v2\/pages\/478"}],"collection":[{"href":"https:\/\/karder.org.tr\/index.php\/wp-json\/wp\/v2\/pages"}],"about":[{"href":"https:\/\/karder.org.tr\/index.php\/wp-json\/wp\/v2\/types\/page"}],"author":[{"embeddable":true,"href":"https:\/\/karder.org.tr\/index.php\/wp-json\/wp\/v2\/users\/2"}],"replies":[{"embeddable":true,"href":"https:\/\/karder.org.tr\/index.php\/wp-json\/wp\/v2\/comments?post=478"}],"version-history":[{"count":6,"href":"https:\/\/karder.org.tr\/index.php\/wp-json\/wp\/v2\/pages\/478\/revisions"}],"predecessor-version":[{"id":565,"href":"https:\/\/karder.org.tr\/index.php\/wp-json\/wp\/v2\/pages\/478\/revisions\/565"}],"wp:attachment":[{"href":"https:\/\/karder.org.tr\/index.php\/wp-json\/wp\/v2\/media?parent=478"}],"curies":[{"name":"wp","href":"https:\/\/api.w.org\/{rel}","templated":true}]}}

<p><span style="font-family: Verdana; font-size: xx-small;"> </span></p>
<p style="text-align: center;">KÜLTÜR MERKEZİ YAPIMI</p>
<p>               Yapımına 2009 yılında başlanan Karaca Köyü Kültür Merkezinin yapımında Abbas KUŞDOĞAN,Adem ÖZCAN,Hüseyin AĞBABA,Mürsel FIRAT,Hüseyin SEVİM,Ali AYDIN,                  İbrahim SEVİM,Hamdullah ÇAĞLAR ve Ali ÇELİK bina yapım komisyon üyeleri olarak görev almışlar ve bina yapımı tamamlanana kadar bilfiil gönüllü olarak çalışmışlardır.</p>
<p>Karaca Köyü Kültür Merkezi binasının yapımının her aşamasında özveri ile çalışan komisyon üyelerine,yine bina yapımında maddi desteklerini esirgemeyen tüm KARACALI canlara ve dışarıdan bağış yapan güzel insanlara sonsuz teşekkürlerimizi sunuyoruz.</p>
<p>Biliyoruz ve umut ediyoruz ki Kültür Merkezimizin yapımında destek veren ve bir şekilde kendilerine ulaşamadığımız yüzlerce Karacalı canlarımızın da desteklerini alarak  yeni projelerin yapılmasını sağlayabiliriz.</p>
<p style="text-align: center;">Emeği Geçenler<br />
<a href="http://karder.org.tr/index.php/projelerimiz/projeden-kareler/">Projeden Kareler</a><br />
Projemiz ne aşamada?</p>

<p>  KÜLTÜR MERKEZİ YAPIMI                Yapımına 2009 yılında başlanan Karaca Köyü Kültür Merkezinin yapımında Abbas KUŞDOĞAN,Adem ÖZCAN,Hüseyin AĞBABA,Mürsel FIRAT,Hüseyin SEVİM,Ali AYDIN,                  İbrahim SEVİM,Hamdullah ÇAĞLAR ve Ali ÇELİK bina yapım komisyon üyeleri olarak görev almışlar ve bina yapımı tamamlanana kadar bilfiil gönüllü [&hellip;]</p>
